[INFO] fetching crate solana-chacha 1.1.23...
[INFO] checking solana-chacha-1.1.23 against master#af3c6e733a40e671550e0f0f5aeecaa13772ba56 for pr-74989
[INFO] extracting crate solana-chacha 1.1.23 into /workspace/builds/worker-6/source
[INFO] validating manifest of crates.io crate solana-chacha 1.1.23 on toolchain af3c6e733a40e671550e0f0f5aeecaa13772ba56
[INFO] running `Command { std: "/workspace/cargo-home/bin/cargo" "+af3c6e733a40e671550e0f0f5aeecaa13772ba56" "read-manifest" "--manifest-path" "Cargo.toml", kill_on_drop: false }`
[INFO] started tweaking crates.io crate solana-chacha 1.1.23
[INFO] finished tweaking crates.io crate solana-chacha 1.1.23
[INFO] tweaked toml for crates.io crate solana-chacha 1.1.23 written to /workspace/builds/worker-6/source/Cargo.toml
[INFO] running `Command { std: "/workspace/cargo-home/bin/cargo" "+af3c6e733a40e671550e0f0f5aeecaa13772ba56" "generate-lockfile" "--manifest-path" "Cargo.toml" "-Zno-index-update", kill_on_drop: false }`
[INFO] [stderr]     Blocking waiting for file lock on package cache
[INFO] running `Command { std: "/workspace/cargo-home/bin/cargo" "+af3c6e733a40e671550e0f0f5aeecaa13772ba56" "fetch" "--locked" "--manifest-path" "Cargo.toml", kill_on_drop: false }`
[INFO] [stderr]     Blocking waiting for file lock on package cache
[INFO] running `Command { std: "docker" "create" "-v" "/var/lib/crater-agent-workspace/builds/worker-6/target:/opt/rustwide/target:rw,Z" "-v" "/var/lib/crater-agent-workspace/builds/worker-6/source:/opt/rustwide/workdir:ro,Z" "-v" "/var/lib/crater-agent-workspace/cargo-home:/opt/rustwide/cargo-home:ro,Z" "-v" "/var/lib/crater-agent-workspace/rustup-home:/opt/rustwide/rustup-home:ro,Z" "-e" "SOURCE_DIR=/opt/rustwide/workdir" "-e" "CARGO_TARGET_DIR=/opt/rustwide/target" "-e" "CARGO_HOME=/opt/rustwide/cargo-home" "-e" "RUSTUP_HOME=/opt/rustwide/rustup-home" "-w" "/opt/rustwide/workdir" "-m" "1610612736" "--user" "0:0" "--network" "none" "rustops/crates-build-env@sha256:d92eaeed33fa75130ca1ee6c8a01d1ffb62bac859dfdfb3450e3e5d1c0146529" "/opt/rustwide/cargo-home/bin/cargo" "+af3c6e733a40e671550e0f0f5aeecaa13772ba56" "metadata" "--no-deps" "--format-version=1", kill_on_drop: false }`
[INFO] [stdout] 5778e589b54613e23d1ff50ffd3003b8b4126a82e1cc6d2d2c496cf764e4ded1
[INFO] [stderr] WARNING: Your kernel does not support swap limit capabilities or the cgroup is not mounted. Memory limited without swap.
[INFO] running `Command { std: "docker" "start" "-a" "5778e589b54613e23d1ff50ffd3003b8b4126a82e1cc6d2d2c496cf764e4ded1", kill_on_drop: false }`
[INFO] running `Command { std: "docker" "inspect" "5778e589b54613e23d1ff50ffd3003b8b4126a82e1cc6d2d2c496cf764e4ded1", kill_on_drop: false }`
[INFO] running `Command { std: "docker" "rm" "-f" "5778e589b54613e23d1ff50ffd3003b8b4126a82e1cc6d2d2c496cf764e4ded1", kill_on_drop: false }`
[INFO] [stdout] 5778e589b54613e23d1ff50ffd3003b8b4126a82e1cc6d2d2c496cf764e4ded1
[INFO] running `Command { std: "docker" "create" "-v" "/var/lib/crater-agent-workspace/builds/worker-6/target:/opt/rustwide/target:rw,Z" "-v" "/var/lib/crater-agent-workspace/builds/worker-6/source:/opt/rustwide/workdir:ro,Z" "-v" "/var/lib/crater-agent-workspace/cargo-home:/opt/rustwide/cargo-home:ro,Z" "-v" "/var/lib/crater-agent-workspace/rustup-home:/opt/rustwide/rustup-home:ro,Z" "-e" "SOURCE_DIR=/opt/rustwide/workdir" "-e" "CARGO_TARGET_DIR=/opt/rustwide/target" "-e" "CARGO_INCREMENTAL=0" "-e" "RUST_BACKTRACE=full" "-e" "RUSTFLAGS=--cap-lints=forbid" "-e" "CARGO_HOME=/opt/rustwide/cargo-home" "-e" "RUSTUP_HOME=/opt/rustwide/rustup-home" "-w" "/opt/rustwide/workdir" "-m" "1610612736" "--user" "0:0" "--network" "none" "rustops/crates-build-env@sha256:d92eaeed33fa75130ca1ee6c8a01d1ffb62bac859dfdfb3450e3e5d1c0146529" "/opt/rustwide/cargo-home/bin/cargo" "+af3c6e733a40e671550e0f0f5aeecaa13772ba56" "check" "--frozen" "--all" "--all-targets" "--message-format=json", kill_on_drop: false }`
[INFO] [stdout] d000e9e29a5cf0c91097d2eb5e687d71bfe827a9d86a408a31d6a73ca59f80e3
[INFO] [stderr] WARNING: Your kernel does not support swap limit capabilities or the cgroup is not mounted. Memory limited without swap.
[INFO] running `Command { std: "docker" "start" "-a" "d000e9e29a5cf0c91097d2eb5e687d71bfe827a9d86a408a31d6a73ca59f80e3", kill_on_drop: false }`
[INFO] [stderr]    Compiling hex-literal-impl v0.2.2
[INFO] [stderr]     Checking net2 v0.2.35
[INFO] [stderr]     Checking signal-hook-registry v1.2.1
[INFO] [stderr]     Checking getrandom v0.1.15
[INFO] [stderr]     Checking socket2 v0.3.15
[INFO] [stderr]    Compiling atty v0.2.14
[INFO] [stderr]    Compiling which v3.1.1
[INFO] [stderr]     Checking filetime v0.2.12
[INFO] [stderr]     Checking flate2 v1.0.17
[INFO] [stderr]    Compiling openssl-sys v0.9.58
[INFO] [stderr]    Compiling libloading v0.5.2
[INFO] [stderr]    Compiling reed-solomon-erasure v4.0.2
[INFO] [stderr]    Compiling solana-chacha-sys v1.1.23
[INFO] [stderr]     Checking tokio-io v0.1.13
[INFO] [stderr]     Checking parking_lot_core v0.6.2
[INFO] [stderr]    Compiling rustversion v1.0.3
[INFO] [stderr]    Compiling num-derive v0.3.2
[INFO] [stderr]    Compiling time-macros-impl v0.1.1
[INFO] [stderr]    Compiling scroll_derive v0.10.2
[INFO] [stderr]    Compiling derivative v2.1.1
[INFO] [stderr]    Compiling prost-derive v0.6.1
[INFO] [stderr]    Compiling async-stream-impl v0.2.1
[INFO] [stderr]    Compiling async-trait v0.1.40
[INFO] [stderr]    Compiling enum-iterator-derive v0.6.0
[INFO] [stderr]     Checking env_logger v0.7.1
[INFO] [stderr]    Compiling dlopen_derive v0.1.4
[INFO] [stderr]    Compiling solana-sdk-macro-frozen-abi v1.3.9
[INFO] [stderr]    Compiling jemalloc-sys v0.3.2
[INFO] [stderr]    Compiling clap v2.33.3
[INFO] [stderr]     Checking rand_core v0.5.1
[INFO] [stderr]     Checking pin-project v0.4.23
[INFO] [stderr]     Checking serde v1.0.116
[INFO] [stderr]     Checking tracing v0.1.19
[INFO] [stderr]     Checking thiserror v1.0.20
[INFO] [stderr]     Checking tar v0.4.30
[INFO] [stderr]     Checking mio v0.6.22
[INFO] [stderr]     Checking parking_lot v0.9.0
[INFO] [stderr]     Checking tokio-codec v0.1.2
[INFO] [stderr]     Checking tokio-threadpool v0.1.18
[INFO] [stderr]     Checking rayon-core v1.8.0
[INFO] [stderr]     Checking hex-literal v0.2.1
[INFO] [stderr]     Checking zstd-sys v1.4.17+zstd.1.4.5
[INFO] [stderr]     Checking solana-logger v1.3.9
[INFO] [stderr]     Checking time-macros v0.1.0
[INFO] [stderr]     Checking zeroize v1.1.0
[INFO] [stderr]    Compiling solana-sdk-macro v1.3.9
[INFO] [stderr]     Checking futures-util v0.3.5
[INFO] [stderr]     Checking tower-discover v0.3.0
[INFO] [stderr]     Checking tower-load-shed v0.3.0
[INFO] [stderr]     Checking rand_chacha v0.2.2
[INFO] [stderr]     Checking rand_pcg v0.2.1
[INFO] [stderr]     Checking dlopen v0.1.8
[INFO] [stderr]     Checking enum-iterator v0.6.0
[INFO] [stderr]     Checking tracing-futures v0.2.4
[INFO] [stderr]     Checking scroll v0.10.1
[INFO] [stderr]     Checking async-stream v0.2.1
[INFO] [stderr]     Checking zstd-safe v2.0.5+zstd.1.4.5
[INFO] [stderr]    Compiling openssl v0.10.30
[INFO] [stderr]    Compiling native-tls v0.2.4
[INFO] [stderr]     Checking time v0.2.19
[INFO] [stderr]     Checking mio-uds v0.6.8
[INFO] [stderr]     Checking tokio-reactor v0.1.12
[INFO] [stderr]     Checking curve25519-dalek v2.1.0
[INFO] [stderr]     Checking tokio-fs v0.1.7
[INFO] [stderr]     Checking rayon v1.4.0
[INFO] [stderr]     Checking rustls v0.18.1
[INFO] [stderr]     Checking rand v0.7.3
[INFO] [stderr]     Checking zstd v0.5.3+zstd.1.4.5
[INFO] [stderr]     Checking goblin v0.2.3
[INFO] [stderr]     Checking tokio v0.2.22
[INFO] [stderr]     Checking tokio-uds v0.2.7
[INFO] [stderr]     Checking tokio-tcp v0.1.4
[INFO] [stderr]     Checking tokio-udp v0.1.6
[INFO] [stderr]     Checking prost v0.6.1
[INFO] [stderr]     Checking tokio v0.1.22
[INFO] [stderr]     Checking tempfile v3.1.0
[INFO] [stderr]     Checking prost-types v0.6.1
[INFO] [stderr]    Compiling clang-sys v0.29.3
[INFO] [stderr]     Checking serde_json v1.0.57
[INFO] [stderr]     Checking serde_urlencoded v0.6.1
[INFO] [stderr]     Checking generic-array v0.14.4
[INFO] [stderr]     Checking ed25519 v1.0.2
[INFO] [stderr]     Checking backtrace v0.3.50
[INFO] [stderr]     Checking chrono v0.4.15
[INFO] [stderr]     Checking serde_bytes v0.11.5
[INFO] [stderr]     Checking bincode v1.3.1
[INFO] [stderr]     Checking bv v0.11.1
[INFO] [stderr]     Checking ed25519-dalek v1.0.0-pre.4
[INFO] [stderr]     Checking tower-util v0.3.1
[INFO] [stderr]     Checking futures-executor v0.3.5
[INFO] [stderr]     Checking futures v0.3.5
[INFO] [stderr]     Checking failure v0.1.8
[INFO] [stderr]    Compiling toml v0.5.6
[INFO] [stderr]     Checking digest v0.9.0
[INFO] [stderr]     Checking crypto-mac v0.8.0
[INFO] [stderr]     Checking blake3 v0.3.6
[INFO] [stderr]     Checking tokio-util v0.3.1
[INFO] [stderr]     Checking tokio-rustls v0.14.1
[INFO] [stderr]     Checking tokio-tls v0.3.1
[INFO] [stderr]     Checking tower-load v0.3.0
[INFO] [stderr]     Checking tower-retry v0.3.0
[INFO] [stderr]     Checking tower-buffer v0.3.0
[INFO] [stderr]     Checking tower-make v0.3.0
[INFO] [stderr]     Checking tower-timeout v0.3.0
[INFO] [stderr]     Checking tower-ready-cache v0.3.1
[INFO] [stderr]     Checking backoff v0.2.1
[INFO] [stderr]     Checking smpl_jwt v0.5.0
[INFO] [stderr]     Checking tower-limit v0.3.1
[INFO] [stderr]     Checking tower-balance v0.3.0
[INFO] [stderr]     Checking h2 v0.2.6
[INFO] [stderr]     Checking solana_rbpf v0.1.30
[INFO] [stderr]    Compiling bindgen v0.54.0
[INFO] [stderr]     Checking tower v0.3.1
[INFO] [stderr]    Compiling proc-macro-crate v0.1.5
[INFO] [stderr]    Compiling num_enum_derive v0.5.1
[INFO] [stderr]     Checking num_enum v0.5.1
[INFO] [stderr]     Checking hyper v0.13.7
[INFO] [stderr]    Compiling librocksdb-sys v6.11.4
[INFO] [stderr]     Checking hyper-tls v0.4.3
[INFO] [stderr]     Checking hyper-rustls v0.21.0
[INFO] [stderr]     Checking tonic v0.3.1
[INFO] [stderr]     Checking reqwest v0.10.8
[INFO] [stderr]     Checking solana-crate-features v1.3.9
[INFO] [stderr]     Checking goauth v0.7.2
[INFO] [stderr]     Checking solana-sdk v1.3.9
[INFO] [stderr] error: could not compile `solana-sdk`.
[INFO] [stderr] 
[INFO] [stderr] Caused by:
[INFO] [stderr]   process didn't exit successfully: `rustc --crate-name solana_sdk --edition=2018 /opt/rustwide/cargo-home/registry/src/github.com-1ecc6299db9ec823/solana-sdk-1.3.9/src/lib.rs --error-format=json --json=diagnostic-rendered-ansi --crate-type lib --emit=dep-info,metadata -C embed-bitcode=no -C debuginfo=2 --cfg 'feature="assert_matches"' --cfg 'feature="byteorder"' --cfg 'feature="chrono"' --cfg 'feature="curve25519-dalek"' --cfg 'feature="default"' --cfg 'feature="ed25519-dalek"' --cfg 'feature="generic-array"' --cfg 'feature="memmap"' --cfg 'feature="rand"' --cfg 'feature="rand_chacha"' --cfg 'feature="serde_json"' --cfg 'feature="skip-no-mangle"' --cfg 'feature="solana-crate-features"' --cfg 'feature="solana-logger"' -C metadata=d4e5123a6a6441d2 -C extra-filename=-d4e5123a6a6441d2 --out-dir /opt/rustwide/target/debug/deps -L dependency=/opt/rustwide/target/debug/deps --extern assert_matches=/opt/rustwide/target/debug/deps/libassert_matches-68dcbdec6e0b45d5.rmeta --extern bincode=/opt/rustwide/target/debug/deps/libbincode-381dfa207ddf5586.rmeta --extern bs58=/opt/rustwide/target/debug/deps/libbs58-f927f1759dd1c4b8.rmeta --extern bv=/opt/rustwide/target/debug/deps/libbv-d40bd0d3d590c60d.rmeta --extern byteorder=/opt/rustwide/target/debug/deps/libbyteorder-bcf0836c3745111a.rmeta --extern chrono=/opt/rustwide/target/debug/deps/libchrono-a22d0bef8c5b8d38.rmeta --extern curve25519_dalek=/opt/rustwide/target/debug/deps/libcurve25519_dalek-a735017c8c9f0362.rmeta --extern ed25519_dalek=/opt/rustwide/target/debug/deps/libed25519_dalek-ec2506991b3cbec4.rmeta --extern generic_array=/opt/rustwide/target/debug/deps/libgeneric_array-f6ca204c0daa4be3.rmeta --extern hex=/opt/rustwide/target/debug/deps/libhex-27d61d600bfaa5ed.rmeta --extern hmac=/opt/rustwide/target/debug/deps/libhmac-594939a1ef885583.rmeta --extern itertools=/opt/rustwide/target/debug/deps/libitertools-834351aa7259ce56.rmeta --extern log=/opt/rustwide/target/debug/deps/liblog-1db056c01870a412.rmeta --extern memmap=/opt/rustwide/target/debug/deps/libmemmap-70d1fd2f15071c98.rmeta --extern num_derive=/opt/rustwide/target/debug/deps/libnum_derive-88b36620c110b780.so --extern num_traits=/opt/rustwide/target/debug/deps/libnum_traits-8380fec8e6273ede.rmeta --extern pbkdf2=/opt/rustwide/target/debug/deps/libpbkdf2-982802d2de095ffb.rmeta --extern rand=/opt/rustwide/target/debug/deps/librand-b452803cc9a70c3b.rmeta --extern rand_chacha=/opt/rustwide/target/debug/deps/librand_chacha-78805fe8b4389d1c.rmeta --extern rustversion=/opt/rustwide/target/debug/deps/librustversion-0432b6c50cdfbcb5.so --extern serde=/opt/rustwide/target/debug/deps/libserde-2a71a6c3636a15ab.rmeta --extern serde_bytes=/opt/rustwide/target/debug/deps/libserde_bytes-fc1fa116e610baff.rmeta --extern serde_derive=/opt/rustwide/target/debug/deps/libserde_derive-84588928978aa347.so --extern serde_json=/opt/rustwide/target/debug/deps/libserde_json-ece086dbd6b35219.rmeta --extern sha2=/opt/rustwide/target/debug/deps/libsha2-0a21367290ffbc2c.rmeta --extern solana_crate_features=/opt/rustwide/target/debug/deps/libsolana_crate_features-235e4f0c7f21583b.rmeta --extern solana_logger=/opt/rustwide/target/debug/deps/libsolana_logger-eeff97d69c108a88.rmeta --extern solana_sdk_macro=/opt/rustwide/target/debug/deps/libsolana_sdk_macro-54956244761dfdc0.so --extern solana_sdk_macro_frozen_abi=/opt/rustwide/target/debug/deps/libsolana_sdk_macro_frozen_abi-4d7c78e4dae2343e.so --extern thiserror=/opt/rustwide/target/debug/deps/libthiserror-a1c452b3220e515c.rmeta --cap-lints allow --cap-lints=forbid --cfg RUSTC_WITH_SPECIALIZATION -L native=/opt/rustwide/target/debug/build/ring-cfc9a00da6a4cda9/out` (signal: 9, SIGKILL: kill)
[INFO] [stderr] warning: build failed, waiting for other jobs to finish...
[INFO] [stderr] The following warnings were emitted during compilation:
[INFO] [stderr] 
[INFO] [stderr] warning: c++: fatal error: Killed signal terminated program cc1plus
[INFO] [stderr] warning: compilation terminated.
[INFO] [stderr] warning: c++: fatal error: Killed signal terminated program cc1plus
[INFO] [stderr] warning: compilation terminated.
[INFO] [stderr] warning: c++: fatal error: Killed signal terminated program cc1plus
[INFO] [stderr] warning: compilation terminated.
[INFO] [stderr] warning: c++: fatal error: Killed signal terminated program cc1plus
[INFO] [stderr] warning: compilation terminated.
[INFO] [stderr] warning: c++: fatal error: Killed signal terminated program cc1plus
[INFO] [stderr] warning: compilation terminated.
[INFO] [stderr] warning: c++: fatal error: Killed signal terminated program cc1plus
[INFO] [stderr] warning: compilation terminated.
[INFO] [stderr] warning: c++: fatal error: Killed signal terminated program cc1plus
[INFO] [stderr] warning: compilation terminated.
[INFO] [stderr] warning: c++: fatal error: Killed signal terminated program cc1plus
[INFO] [stderr] warning: compilation terminated.
[INFO] [stderr] warning: c++: fatal error: Killed signal terminated program cc1plus
[INFO] [stderr] warning: compilation terminated.
[INFO] [stderr] warning: c++: fatal error: Killed signal terminated program cc1plus
[INFO] [stderr] warning: compilation terminated.
[INFO] [stderr] 
[INFO] [stderr] error: build failed
[INFO] running `Command { std: "docker" "inspect" "d000e9e29a5cf0c91097d2eb5e687d71bfe827a9d86a408a31d6a73ca59f80e3", kill_on_drop: false }`
[INFO] running `Command { std: "docker" "rm" "-f" "d000e9e29a5cf0c91097d2eb5e687d71bfe827a9d86a408a31d6a73ca59f80e3", kill_on_drop: false }`
[INFO] [stdout] d000e9e29a5cf0c91097d2eb5e687d71bfe827a9d86a408a31d6a73ca59f80e3
